 be (-120)/(-160)*(-86)/(-6) - 18/24. What is the greatest common factor of 4415 and t?
5
Let k = -18919 - -19275. What is the greatest common divisor of 1246 and k?
178
Let r(h) = -11*h**3 + 73*h**2 + 39*h - 4. Let k be r(6). What is the greatest common factor of k and 10?
2
Suppose 0 = 4*b - 2*u - 760, -u + 4*u - 176 = -b. Calculate the highest common factor of b and 2397.
47
Suppose 5*m + 0*m + 7*m = 0. Suppose -3*s - 4*z + 263 = m, -2*z = -5*s + 65 + 330. Calculate the greatest common factor of s and 54.
27
Suppose -5*i - 8*i = -338. Suppose r + 2*a - i = 5*a, -5 = -a. What is the greatest common factor of r and 287?
41
Let a be -35693*(-6112)/6496 - (54/(-58) - -1). What is the greatest common factor of a and 71?
71
Let g be ((-309)/412)/(42/16) + 130/14. Let u be 6/(-8) + (-187)/(-4). Let o = u + -19. Calculate the highest common divisor of g and o.
9
Let k be -8*(-23 + 7 - 21). Calculate the greatest common divisor of k and 333.
37
Let j(c) = 7*c + 5. Let v be j(4). Let n be (3 + -3)/2 + v. Suppose -s + 8 = -3. What is the greatest common factor of s and n?
11
Let d be ((-32)/24)/(4/(-18)). Suppose -3*m = 3*m - 12. Suppose 0 = -4*b - m*t + 200, 5*b - 2*t - 59 = 173. What is the highest common factor of b and d?
6
Let j(y) = 8*y + 8. Suppose -w - 2*w = -6. Let t be j(w). Suppose -t + 7 = -c. Calculate the highest common factor of 68 and c.
17
Let u(z) = z**2 + 8*z + 13. Let q be u(-9). Suppose 5*i - 3*x - q = 0, -3*i + 4*x + 14 = 3*x. Let n = 16 - 11. Calculate the highest common divisor of n and i.
5
Suppose -9*v = -5*v - 188. Let p be (-8)/(-28) + v/7. Suppose p*s - 236 = 4*s + 4*j, 3*j - 403 = -5*s. Calculate the greatest common factor of s and 10.
10
Suppose 105*o - 70*o - 196945 = 0. Calculate the greatest common divisor of o and 68.
17
Let a = -21 - -36. Let t = 9480 + -9477. What is the greatest common factor of t and a?
3
Let w be 2070 + 13/(169/156). What is the highest common factor of 18 and w?
6
Suppose -5749 - 42203 = -95*c + 49518. Calculate the greatest common factor of 76 and c.
38
Suppose -2*o - 380 = -6*o. Suppose -36*j + 523 = 29*j - 712. What is the greatest common divisor of j and o?
19
Let i(p) = -3*p + 7. Let w be i(10). Let u = w + 35. Suppose -18*h - 4*b + 548 = -13*h, -4*b = -8. What is the greatest common factor of h and u?
12
Suppose 2*j = -0*j - 2*n + 244, -4*n - 16 = 0. What is the highest common divisor of j and 1071?
63
Suppose 4*p + 2*n - 7*n = 60, -2*n = 4*p - 60. Let c be 3/4*-12*-1*15. Calculate the greatest common divisor of p and c.
15
Let r(j) = j**3 - 46*j**2 + 170*j - 61. Let i be r(42). Calculate the highest common factor of 2047 and i.
23
Let l = 3 - -17. Let g = 35 - l. Suppose -12*z - 87 = -g*z. Calculate the highest common factor of z and 87.
29
Suppose -90 - 108 = -2*z. Let u be ((-36)/108)/((-1)/198). Calculate the highest common factor of u and z.
33
Let b(d) = 1202*d**2 + 230*d + 726. Let x be b(-3). Calculate the highest common factor of x and 134.
134
Let i = -61 + 31. Let o be 4 + i/(-12) - (-3)/(-2). Let v = o + 27. Calculate the highest common factor of v and 16.
16
Let i = -180 + 182. Suppose 49*n = i*n + 4653. Let o(w) = 10*w**2 - 2*w - 1. Let s be o(-1). Calculate the highest common factor of n and s.
11
Suppose -25*a + 11*a = 0. Suppose a = -3*j + 24*j - 336. Let z(f) = -f + 6. Let t be z(0). What is the highest common divisor of j and t?
2
Let j be 15*(-308)/((-24)/6). Calculate the highest common factor of j and 315.
105
Let w(p) = -152 - 13*p + 309 - 135 - 14*p. Let v be w(-14). What is the greatest common divisor of v and 25?
25
Let t(f) = -5*f - 5. Let c be t(-5). Let b = 1142 + -1839. Let w = b - -717. What is the greatest common factor of c and w?
20
Suppose 3*n + o - 2307 = 0, -5*n + 565 + 3263 = -4*o. Suppose -n = d - 5*d. Calculate the greatest common factor of 12 and d.
12
Let p(x) = 1068*x - 1665. Let j be p(6). Calculate the greatest common factor of 279 and j.
279
Let i = -50 - -37. Let a = 17 + i. Suppose -5*j + 5*d + 42 + 63 = 0, -5*d - 85 = -a*j. What is the highest common divisor of j and 4?
4
Let i(l) = 73*l**2 + 27*l + 9. Let a be i(10). Let j be a/159 + (-1 - 1)/(-6). Calculate the highest common divisor of j and 192.
48
Let s = 46 + -33. Suppose -4*t + 36 = -2*p, -5*t + 2*p + s + 30 = 0. Let v = 19 - t. Calculate the highest common divisor of v and 96.
12
Suppose 40*h - 95*h - 45*h + 5500 = 0. Calculate the greatest common factor of h and 143.
11
Let o(n) = 3*n**3 - 7*n**2 - 9*n - 20. Let s be o(5). Calculate the greatest common factor of s and 54.
27
Let h be (5730/764)/((-2)/(-92)*1). Calculate the greatest common factor of h and 255.
15
Suppose 3*n = -2*l + 1780, -5*l - 7*n + 4457 = -3*n. What is the greatest common factor of l and 19?
19
Let m(i) = 139*i + 7. Let x be (-13 + 16)*2/2. Let b be m(x). Calculate the highest common divisor of 53 and b.
53
Let a be (-50)/20 - (-796)/(-8)*1. Let j = a - -165. Let w = 15 + -8. Calculate the highest common divisor of w and j.
7
Let z = 134 + -132. Suppose -19 + 23 = z*p. Let y(n) = n**2 - 9*n + 2. Let w be y(9). What is the greatest common divisor of w and p?
2
Suppose 4*m + 3*j = 4*j + 1563, -j = 3*m - 1167. What is the greatest common divisor of 150 and m?
30
Let g = 57 + -25. Let j be (((-42)/63)/(5/(-6)))/(((-760)/1100)/(-38)). Calculate the greatest common divisor of j and g.
4
Let b = 21873 - 19653. Calculate the highest common divisor of b and 510.
30
Let o(d) = d**3 + 3*d**2 - 5*d + 8. Let h be o(-4). Suppose 4*f = -8 + h, 194 = 2*t - 4*f. Calculate the greatest common divisor of 22 and t.
11
Let j = 17427 + -16590. Calculate the highest common factor of j and 1395.
279
Let a = -1841 - -1929. Calculate the highest common factor of 9592 and a.
88
Let v = 423 + 105. Let j be (4/14)/(5/2520). Calculate the greatest common factor of v and j.
48
Let k = 2044 + -1834. Calculate the highest common factor of k and 150.
30
Let r = 24790 - 24598. What is the greatest common factor of 43584 and r?
192
Let c(y) = 23*y - 92. Let s be c(4). Suppose -g - d + 12 + 7 = s, g + 3*d = 25. Calculate the highest common divisor of 208 and g.
16
Let o(a) = -a**3 + 7*a**2 - 10*a + 26. Let h be o(6). Suppose -3*k = 2*n - 305, n = 4*n + h*k - 445. Calculate the greatest common divisor of 29 and n.
29
Let f = 264 - 192. What is the highest common factor of 4248 and f?
72
Suppose -493 = 34*c - 35*c. Calculate the highest common factor of 119 and c.
17
Suppose 0*u + 12 = 4*u. Suppose -7 - 8 = -3*y + u*l, 4*l = 0. Suppose -98 = -3*t + y*c, 5*c - 3 - 3 = -t. What is the greatest common divisor of t and 104?
26
Let x be (-9)/(0 + (-6)/(-4) - 0). Let c be 358 + (-1 - 0) + x. Calculate the highest common divisor of c and 39.
39
Let k be ((-1764)/10)/(51/30 - 2). Suppose 0 = -9*l - 3*l + k. Calculate the greatest common divisor of l and 7.
7
Let a(c) = -2*c**2 - 21*c + 140. Let k be a(4). Let m(n) = 3*n**2 - 4*n**2 + 4*n**2. Let i be m(1). What is the greatest common factor of k and i?
3
Suppose -6*c + 73*c - 670 = 0. What is the greatest common factor of c and 12710?
10
Let o be (2 - 6)/(((-312)/(-1781))/(-12)). What is the greatest common divisor of 7261 and o?
137
Let f(r) = 7*r**2 - r - 1. Let j be f(-1). Let i(c) = -85*c - 838. Let g be i(-10). Suppose 5*a + g = j*a. What is the greatest common divisor of 3 and a?
3
Let i be (3444/16)/3 + 8/128*4. Calculate the greatest common factor of i and 296.
8
Suppose 0 = -2*k, -3*a - 2580*k + 2578*k + 1494 = 0. Calculate the highest common factor of a and 2822.
166
Let v(y) = 10 - 3*y**3 + 5 + 4*y**3 + 12*y**2 - 14*y + 1. Let k be v(-13). Suppose 2*c - k = -5. Calculate the greatest common factor of c and 12.
12
Let c(g) = -g**3 - 6*g**2 - 13*g + 4. Let i be c(-6). Let q(k) = 71 - 10*k - i - 34*k. Let x be q(-5). Calculate the highest common factor of 11 and x.
11
Let q be ((-25)/(-2))/((-2030)/1624) - -31. Suppose -3*r - 2*r = -10. Let v be 170 + 0 + (0 - r). Calculate the highest common factor of q and v.
21
Let c(a) = a + 2. Let h be c(-7). Let w = h - -45. Suppose 0 = -9*d + 249 - 177. Calculate the greatest common factor of d and w.
8
Suppose 0 = 5*d + 7 - 42. Suppose -d*c = -5*c + a - 70, -165 = -5*c - 5*a. Let v = 82 - c. Calculate the highest common divisor of v and 9.
9
Let h be 51